f 50032.
2, 53, 59
What are the prime factors of 254036?
2, 41, 1549
List the prime factors of 7071657.
3, 2357219
What are the prime factors of 628176?
2, 3, 23, 569
What are the prime factors of 420980?
2, 5, 7, 31, 97
What are the prime factors of 9109935?
3, 5, 67481
List the prime factors of 271665.
3, 5, 6037
What are the prime factors of 2760603?
3, 920201
What are the prime factors of 437001?
3, 29, 5023
What are the prime factors of 377008?
2, 23563
List the prime factors of 55270.
2, 5, 5527
List the prime factors of 9468564.
2, 3, 7, 16103
List the prime factors of 8467178.
2, 4233589
What are the prime factors of 4224172?
2, 47, 22469
What are the prime factors of 12827019?
3, 29, 61, 2417
What are the prime factors of 4781641?
17, 281273
List the prime factors of 3326250.
2, 3, 5, 887
List the prime factors of 979418.
2, 11, 44519
What are the prime factors of 10702595?
5, 29, 31, 2381
List the prime factors of 2277997.
599, 3803
What are the prime factors of 491256?
2, 3, 6823
List the prime factors of 14167376.
2, 89, 9949
What are the prime factors of 405903?
3, 135301
What are the prime factors of 242247?
3, 80749
What are the prime factors of 1097018?
2, 13, 42193
List the prime factors of 670433.
127, 5279
What are the prime factors of 782671?
782671
List the prime factors of 316213.
316213
List the prime factors of 2368777.
37, 73, 877
What are the prime factors of 3885354?
2, 3, 11, 31, 211
What are the prime factors of 11737001?
2053, 5717
What are the prime factors of 246755?
5, 17, 2903
What are the prime factors of 18167086?
2, 7, 1297649
List the prime factors of 15968253.
3, 7, 17, 44729
List the prime factors of 555864.
2, 3, 19, 23, 53
What are the prime factors of 2144075?
5, 139, 617
What are the prime factors of 2856111?
3, 952037
What are the prime factors of 2445364?
2, 89, 6869
List the prime factors of 19717261.
239, 82499
List the prime factors of 394895.
5, 78979
List the prime factors of 44526.
2, 3, 41, 181
What are the prime factors of 1304157?
3, 434719
What are the prime factors of 343766?
2, 29, 5927
List the prime factors of 2282295.
3, 5, 71, 2143
List the prime factors of 5431833.
3, 11, 18289
List the prime factors of 29538338.
2, 14769169
List the prime factors of 544899.
3, 37, 4909
What are the prime factors of 6418313?
11, 137, 4259
What are the prime factors of 233876?
2, 59, 991
List the prime factors of 17163569.
17163569
List the prime factors of 679640.
2, 5, 13, 1307
What are the prime factors of 193671?
3, 797
List the prime factors of 210967.
210967
List the prime factors of 4781627.
179, 26713
What are the prime factors of 693268?
2, 263, 659
List the prime factors of 53755.
5, 13, 827
List the prime factors of 74089.
43, 1723
List the prime factors of 107213.
29, 3697
What are the prime factors of 246478?
2, 123239
List the prime factors of 1298920.
2, 5, 7, 4639
What are the prime factors of 5859408?
2, 3, 59, 2069
List the prime factors of 1999666.
2, 23, 29, 1499
What are the prime factors of 165591?
3, 6133
List the prime factors of 821500.
2, 5, 31, 53
What are the prime factors of 25533?
3, 2837
List the prime factors of 20190.
2, 3, 5, 673
List the prime factors of 353604.
2, 3, 79, 373
List the prime factors of 22341.
3, 11, 677
What are the prime factors of 2307236?
2, 89, 6481
What are the prime factors of 3423583?
337, 10159
What are the prime factors of 213710?
2, 5, 7, 43, 71
What are the prime factors of 7877399?
7877399
What are the prime factors of 4479870?
2, 3, 5, 59, 2531
List the prime factors of 68517.
3, 23, 331
What are the prime factors of 244791?
3, 59, 461
List the prime factors of 258317.
258317
List the prime factors of 1251048.
2, 3, 52127
What are the prime factors of 4253222?
2, 2126611
List the prime factors of 702413.
702413
List the prime factors of 168876.
2, 3, 4691
What are the prime factors of 197934?
2, 3, 11, 2999
What are the prime factors of 6728688?
2, 3, 46727
What are the prime factors of 6406711?
47, 271, 503
List the prime factors of 207969.
3, 181, 383
What are the prime factors of 4198889?
4198889
What are the prime factors of 12782094?
2, 3, 13, 37, 43, 103
What are the prime factors of 6696500?
2, 5, 59, 227
List the prime factors of 7962978.
2, 3, 281, 4723
List the prime factors of 13494647.
43, 313829
What are the prime factors of 472912?
2, 11, 2687
List the prime factors of 180171.
3, 6673
What are the prime factors of 4551728?
2, 284483
What are the prime factors of 12968440?
2, 5, 324211
List the prime factors of 2746612.
2, 11, 62423
What are the prime factors of 13516?
2, 31, 109
List the prime factors of 3381342.
2, 3, 29, 19433
List the prime factors of 6012573.
3, 7, 89, 3217
List the prime factors of 699895.
5, 7, 19997
List the prime factors of 16780138.
2, 8390069
List the prime factors of 302470.
2, 5, 7, 29, 149
What are the prime factors of 2127239?
479, 4441
List the prime factors of 3143947.
953, 3299
List the prime factors of 2193255.
3, 5, 17, 47, 61
List the prime factors of 9602801.
13, 738677
What are the prime factors of 11616220?
2, 5, 7, 11, 19, 397
List the prime factors of 155626.
2, 77813
What are the prime factors of 1102845?
3, 5, 73523
List the prime factors of 23830477.
11, 2166407
List the prime factors of 150245.
5, 151, 199
What are the prime factors of 568017?
3, 63113
List the prime factors of 2150228.
2, 17, 103, 307
List the prime factors of 29432652.
2, 3, 2452721
What are the prime factors of 76746?
2, 3, 12791
What are the prime factors of 28873688?
2, 3609211
List the prime factors of 19669156.
2, 13, 378253
What are the prime factors of 1036531?
1036531
List the prime factors of 3364361.
7, 11, 13, 3361
List the prime factors of 215910.
2, 3, 5, 2399
What are the prime factors of 2038090?
2, 5, 203809
What are the prime factors of 368968?
2, 17, 2713
List the prime factors of 4334658.
2, 3, 43, 53, 317
What are the prime factors of 8627567?
13, 663659
What are the prime factors of 1862178?
2, 3, 310363
What are the prime factors of 5513589?
3, 43, 1583
List the prime factors of 1125219.
3, 157, 2389
List the prime factors of 2026861.
719, 2819
What are the prime factors of 9032162?
2, 4516081
List the prime factors of 13149321.
3, 4383107
List the prime factors of 159102.
2, 3, 8839
What are the prime factors of 123646?
2, 211, 293
List the prime factors of 556067.
556067
What are the prime factors of 37310?
2, 5, 7, 13, 41
What are the prime factors of 5342520?
2, 3, 5, 211
What are the prime factors of 14211906?
2, 3, 67, 35353
List the prime factors of 32904007.
23, 271, 5279
List the prime factors of 2659089.
3, 17, 3067
List the prime factors of 1704686.
2, 677, 1259
List the prime factors of 3712012.
2, 89, 10427
What are the prime factors of 9923665?
5, 17, 313, 373
What are the prime factors of 3525666?
2, 3, 53, 11087
What are the prime factors of 13828647?
3, 7, 658507
List the prime factors of 718663.
11, 79, 827
List the prime factors of 248910.
2, 3, 5, 8297
List the prime factors of 16437775.
5, 73, 9007
What are the prime factors of 114698?
2, 57349
List the prime factors of 166218.
2, 3, 13, 2131
List the prime factors of 27458162.
2, 17, 127, 6359
List the prime factors of 1024111.
11, 157, 593
What are the prime factors of 1607498?
2, 803749
What are the prime factors of 318790?
2, 5, 71, 449
What are the prime factors of 380046?
2, 3, 97, 653
What are the prime factors of 6156740?
2, 5, 43, 7159
What are the prime factors of 426142?
2, 71, 3001
List the prime factors of 916909.
7, 130987
What are the prime factors of 2409303?
3, 13, 163, 379
What are the prime factors of 2136682?
2, 571, 1871
List the prime factors of 480750.
2, 3, 5, 641
List the prime factors of 214829.
17, 12637
What are the prime factors of 530573?
67, 7919
What are the prime factors of 38786397?
3, 13, 37, 26879
What are the prime factors of 1198653?
3, 17, 19, 1237
List the prime factors of 7258691.
11, 659881
List the prime factors of 26165.
5, 5233
List the prime factors of 254037.
3, 7, 12097
List the prime factors of 8654224.
2, 17, 31817
What are the prime factors of 22998162?
2, 3, 11, 348457
What are the prime factors of 17573855?
5, 13, 29, 9323
What are the prime factors of 5355243